{"id":106,"date":"2024-06-18T11:19:55","date_gmt":"2024-06-18T09:19:55","guid":{"rendered":"https:\/\/grandmeroceane.fr\/?page_id=106"},"modified":"2025-02-07T13:50:40","modified_gmt":"2025-02-07T12:50:40","slug":"galerie-grand-mer-oceane","status":"publish","type":"page","link":"https:\/\/grandmeroceane.fr\/?page_id=106","title":{"rendered":"GALERIE"},"content":{"rendered":"\t\t<div data-elementor-type=\"wp-page\" data-elementor-id=\"106\" class=\"elementor elementor-106\" data-elementor-post-type=\"page\">\n\t\t\t\t<div class=\"elementor-element elementor-element-4a1adab4 e-flex e-con-boxed e-con e-parent\" data-id=\"4a1adab4\" data-element_type=\"container\">\n\t\t\t\t\t<div class=\"e-con-inner\">\n\t\t\t\t<div class=\"elementor-element elementor-element-2334b152 elementor-widget__width-inherit elementor-widget elementor-widget-text-editor\" data-id=\"2334b152\" data-element_type=\"widget\" data-widget_type=\"text-editor.default\">\n\t\t\t\t<div class=\"elementor-widget-container\">\n\t\t\t\t\t\t\t<!-- wp:paragraph -->\n<p>Grand Mer Oc\u00e9ane vous embarque avec Garcie Ferrande pour un <a href=\"https:\/\/www.vendeeglobe.org\/\">Vend\u00e9e Globe<\/a> avant l&rsquo;heure au c\u0153ur du bestiaire fantastique marin du 15\u1d49 si\u00e8cle.<\/p>\n<!-- \/wp:paragraph --><!-- wp:paragraph -->\n<p>Un spectacle qui lie \u00e9motion, immersion et histoire avec une mise en sc\u00e8ne m\u00ealant papier et num\u00e9rique. Le tout au service d&rsquo;une histoire merveilleuse qui nous plonge au c\u0153ur des oc\u00e9ans pendant le Moyen \u00c2ge&#8230;<\/p>\n<!-- \/wp:paragraph --><!-- wp:paragraph --><!-- \/wp:columns -->\t\t\t\t\t\t<\/div>\n\t\t\t\t<\/div>\n\t\t\t\t\t<\/div>\n\t\t\t\t<\/div>\n\t\t<div class=\"elementor-element elementor-element-b1f3ad8 e-flex e-con-boxed e-con e-parent\" data-id=\"b1f3ad8\" data-element_type=\"container\">\n\t\t\t\t\t<div class=\"e-con-inner\">\n\t\t\t\t<div class=\"elementor-element elementor-element-d362be1 elementor-widget elementor-widget-gallery\" data-id=\"d362be1\" data-element_type=\"widget\" data-settings=\"{&quot;gallery_layout&quot;:&quot;masonry&quot;,&quot;columns&quot;:2,&quot;columns_tablet&quot;:2,&quot;columns_mobile&quot;:1,&quot;gap&quot;:{&quot;unit&quot;:&quot;px&quot;,&quot;size&quot;:10,&quot;sizes&quot;:[]},&quot;gap_tablet&quot;:{&quot;unit&quot;:&quot;px&quot;,&quot;size&quot;:10,&quot;sizes&quot;:[]},&quot;gap_mobile&quot;:{&quot;unit&quot;:&quot;px&quot;,&quot;size&quot;:10,&quot;sizes&quot;:[]},&quot;link_to&quot;:&quot;file&quot;,&quot;overlay_background&quot;:&quot;yes&quot;,&quot;content_hover_animation&quot;:&quot;fade-in&quot;}\" data-widget_type=\"gallery.default\">\n\t\t\t\t<div class=\"elementor-widget-container\">\n\t\t\t\t\t<div class=\"elementor-gallery__container\">\n\t\t\t\t\t\t\t<a class=\"e-gallery-item elementor-gallery-item elementor-animated-content\" href=\"https:\/\/mlrjxges5s1p.i.optimole.com\/w:auto\/h:auto\/q:mauto\/ig:avif\/https:\/\/i0.wp.com\/grandmeroceane.fr\/wp-content\/uploads\/2024\/09\/IMG_4896-scaled.jpg?fit=2560%2C1440&#038;ssl=1\" data-elementor-open-lightbox=\"yes\" data-elementor-lightbox-slideshow=\"d362be1\" data-elementor-lightbox-title=\"Sylvain FABRE aux percussions\" data-e-action-hash=\"#elementor-action%3Aaction%3Dlightbox%26settings%3DeyJpZCI6NDEzLCJ1cmwiOiJodHRwczpcL1wvZ3JhbmRtZXJvY2VhbmUuZnJcL3dwLWNvbnRlbnRcL3VwbG9hZHNcLzIwMjRcLzA5XC9JTUdfNDg5Ni1zY2FsZWQuanBnIiwic2xpZGVzaG93IjoiZDM2MmJlMSJ9\">\n\t\t\t\t\t<div class=\"e-gallery-image elementor-gallery-item__image\" data-thumbnail=\"https:\/\/mlrjxges5s1p.i.optimole.com\/w:auto\/h:auto\/q:mauto\/ig:avif\/https:\/\/i0.wp.com\/grandmeroceane.fr\/wp-content\/uploads\/2024\/09\/IMG_4896-scaled.jpg?fit=750%2C422&amp;ssl=1\" data-width=\"750\" data-height=\"422\" aria-label=\"\" role=\"img\" ><\/div>\n\t\t\t\t\t\t\t\t\t\t\t<div class=\"elementor-gallery-item__overlay\"><\/div>\n\t\t\t\t\t\t\t\t\t\t\t\t\t\t<\/a>\n\t\t\t\t\t\t\t<a class=\"e-gallery-item elementor-gallery-item elementor-animated-content\" href=\"https:\/\/mlrjxges5s1p.i.optimole.com\/w:auto\/h:auto\/q:mauto\/ig:avif\/https:\/\/i0.wp.com\/grandmeroceane.fr\/wp-content\/uploads\/2024\/11\/Capture-decran-2024-11-27-a-15.48.11.png?fit=2536%2C1888&#038;ssl=1\" data-elementor-open-lightbox=\"yes\" data-elementor-lightbox-slideshow=\"d362be1\" data-elementor-lightbox-title=\"Capture d\u2019e\u0301cran 2024-11-27 a\u0300 15.48.11\" data-e-action-hash=\"#elementor-action%3Aaction%3Dlightbox%26settings%3DeyJpZCI6NjQ5LCJ1cmwiOiJodHRwczpcL1wvZ3JhbmRtZXJvY2VhbmUuZnJcL3dwLWNvbnRlbnRcL3VwbG9hZHNcLzIwMjRcLzExXC9DYXB0dXJlLWRlY3Jhbi0yMDI0LTExLTI3LWEtMTUuNDguMTEucG5nIiwic2xpZGVzaG93IjoiZDM2MmJlMSJ9\">\n\t\t\t\t\t<div class=\"e-gallery-image elementor-gallery-item__image\" data-thumbnail=\"https:\/\/mlrjxges5s1p.i.optimole.com\/w:auto\/h:auto\/q:mauto\/ig:avif\/https:\/\/i0.wp.com\/grandmeroceane.fr\/wp-content\/uploads\/2024\/11\/Capture-decran-2024-11-27-a-15.48.11.png?fit=750%2C558&amp;ssl=1\" data-width=\"750\" data-height=\"558\" aria-label=\"\" role=\"img\" ><\/div>\n\t\t\t\t\t\t\t\t\t\t\t<div class=\"elementor-gallery-item__overlay\"><\/div>\n\t\t\t\t\t\t\t\t\t\t\t\t\t\t<\/a>\n\t\t\t\t\t\t\t<a class=\"e-gallery-item elementor-gallery-item elementor-animated-content\" href=\"https:\/\/mlrjxges5s1p.i.optimole.com\/w:auto\/h:auto\/q:mauto\/ig:avif\/https:\/\/i0.wp.com\/grandmeroceane.fr\/wp-content\/uploads\/2024\/09\/IMG_10501-1.jpg?fit=1280%2C960&#038;ssl=1\" data-elementor-open-lightbox=\"yes\" data-elementor-lightbox-slideshow=\"d362be1\" data-elementor-lightbox-title=\"Fr\u00e9d\u00e9ric BOURGEAIS, Sylvain FABRE, Laurent TIXIER - Mixage son spectacle GRAND MER OCEANE\" data-e-action-hash=\"#elementor-action%3Aaction%3Dlightbox%26settings%3DeyJpZCI6NDE0LCJ1cmwiOiJodHRwczpcL1wvZ3JhbmRtZXJvY2VhbmUuZnJcL3dwLWNvbnRlbnRcL3VwbG9hZHNcLzIwMjRcLzA5XC9JTUdfMTA1MDEtMS5qcGciLCJzbGlkZXNob3ciOiJkMzYyYmUxIn0%3D\">\n\t\t\t\t\t<div class=\"e-gallery-image elementor-gallery-item__image\" data-thumbnail=\"https:\/\/mlrjxges5s1p.i.optimole.com\/w:auto\/h:auto\/q:mauto\/ig:avif\/https:\/\/i0.wp.com\/grandmeroceane.fr\/wp-content\/uploads\/2024\/09\/IMG_10501-1.jpg?fit=750%2C563&amp;ssl=1\" data-width=\"750\" data-height=\"563\" aria-label=\"\" role=\"img\" ><\/div>\n\t\t\t\t\t\t\t\t\t\t\t<div class=\"elementor-gallery-item__overlay\"><\/div>\n\t\t\t\t\t\t\t\t\t\t\t\t\t\t<\/a>\n\t\t\t\t\t\t\t<a class=\"e-gallery-item elementor-gallery-item elementor-animated-content\" href=\"https:\/\/mlrjxges5s1p.i.optimole.com\/w:auto\/h:auto\/q:mauto\/ig:avif\/https:\/\/i0.wp.com\/grandmeroceane.fr\/wp-content\/uploads\/2024\/09\/IMG_4890-scaled.jpg?fit=2560%2C1440&#038;ssl=1\" data-elementor-open-lightbox=\"yes\" data-elementor-lightbox-slideshow=\"d362be1\" data-elementor-lightbox-title=\"Virginie TRIPETTE \u00e0 la Fl\u00fbte \u00e0 Bec\" data-e-action-hash=\"#elementor-action%3Aaction%3Dlightbox%26settings%3DeyJpZCI6NDEyLCJ1cmwiOiJodHRwczpcL1wvZ3JhbmRtZXJvY2VhbmUuZnJcL3dwLWNvbnRlbnRcL3VwbG9hZHNcLzIwMjRcLzA5XC9JTUdfNDg5MC1zY2FsZWQuanBnIiwic2xpZGVzaG93IjoiZDM2MmJlMSJ9\">\n\t\t\t\t\t<div class=\"e-gallery-image elementor-gallery-item__image\" data-thumbnail=\"https:\/\/mlrjxges5s1p.i.optimole.com\/w:auto\/h:auto\/q:mauto\/ig:avif\/https:\/\/i0.wp.com\/grandmeroceane.fr\/wp-content\/uploads\/2024\/09\/IMG_4890-scaled.jpg?fit=750%2C422&amp;ssl=1\" data-width=\"750\" data-height=\"422\" aria-label=\"\" role=\"img\" ><\/div>\n\t\t\t\t\t\t\t\t\t\t\t<div class=\"elementor-gallery-item__overlay\"><\/div>\n\t\t\t\t\t\t\t\t\t\t\t\t\t\t<\/a>\n\t\t\t\t\t\t\t<a class=\"e-gallery-item elementor-gallery-item elementor-animated-content\" href=\"https:\/\/mlrjxges5s1p.i.optimole.com\/w:auto\/h:auto\/q:mauto\/ig:avif\/https:\/\/i0.wp.com\/grandmeroceane.fr\/wp-content\/uploads\/2024\/09\/IMG_2581-scaled.jpg?fit=2560%2C1920&#038;ssl=1\" data-elementor-open-lightbox=\"yes\" data-elementor-lightbox-slideshow=\"d362be1\" data-elementor-lightbox-title=\"Laurent TIXIER, Fanny TIXIER, Manon ROUTHIAU, Fran\u00e7ois ROUTHIAU\" data-e-action-hash=\"#elementor-action%3Aaction%3Dlightbox%26settings%3DeyJpZCI6NDEwLCJ1cmwiOiJodHRwczpcL1wvZ3JhbmRtZXJvY2VhbmUuZnJcL3dwLWNvbnRlbnRcL3VwbG9hZHNcLzIwMjRcLzA5XC9JTUdfMjU4MS1zY2FsZWQuanBnIiwic2xpZGVzaG93IjoiZDM2MmJlMSJ9\">\n\t\t\t\t\t<div class=\"e-gallery-image elementor-gallery-item__image\" data-thumbnail=\"https:\/\/mlrjxges5s1p.i.optimole.com\/w:auto\/h:auto\/q:mauto\/ig:avif\/https:\/\/i0.wp.com\/grandmeroceane.fr\/wp-content\/uploads\/2024\/09\/IMG_2581-scaled.jpg?fit=750%2C563&amp;ssl=1\" data-width=\"750\" data-height=\"563\" aria-label=\"\" role=\"img\" ><\/div>\n\t\t\t\t\t\t\t\t\t\t\t<div class=\"elementor-gallery-item__overlay\"><\/div>\n\t\t\t\t\t\t\t\t\t\t\t\t\t\t<\/a>\n\t\t\t\t\t\t\t<a class=\"e-gallery-item elementor-gallery-item elementor-animated-content\" href=\"https:\/\/mlrjxges5s1p.i.optimole.com\/w:auto\/h:auto\/q:mauto\/ig:avif\/https:\/\/i0.wp.com\/grandmeroceane.fr\/wp-content\/uploads\/2024\/11\/Capture-decran-2024-11-27-a-15.47.50.png?fit=1424%2C1892&#038;ssl=1\" data-elementor-open-lightbox=\"yes\" data-elementor-lightbox-slideshow=\"d362be1\" data-elementor-lightbox-title=\"Capture d\u2019e\u0301cran 2024-11-27 a\u0300 15.47.50\" data-e-action-hash=\"#elementor-action%3Aaction%3Dlightbox%26settings%3DeyJpZCI6NjQ3LCJ1cmwiOiJodHRwczpcL1wvZ3JhbmRtZXJvY2VhbmUuZnJcL3dwLWNvbnRlbnRcL3VwbG9hZHNcLzIwMjRcLzExXC9DYXB0dXJlLWRlY3Jhbi0yMDI0LTExLTI3LWEtMTUuNDcuNTAucG5nIiwic2xpZGVzaG93IjoiZDM2MmJlMSJ9\">\n\t\t\t\t\t<div class=\"e-gallery-image elementor-gallery-item__image\" data-thumbnail=\"https:\/\/mlrjxges5s1p.i.optimole.com\/w:auto\/h:auto\/q:mauto\/ig:avif\/https:\/\/i0.wp.com\/grandmeroceane.fr\/wp-content\/uploads\/2024\/11\/Capture-decran-2024-11-27-a-15.47.50.png?fit=750%2C996&amp;ssl=1\" data-width=\"750\" data-height=\"996\" aria-label=\"\" role=\"img\" ><\/div>\n\t\t\t\t\t\t\t\t\t\t\t<div class=\"elementor-gallery-item__overlay\"><\/div>\n\t\t\t\t\t\t\t\t\t\t\t\t\t\t<\/a>\n\t\t\t\t\t\t\t<a class=\"e-gallery-item elementor-gallery-item elementor-animated-content\" href=\"https:\/\/mlrjxges5s1p.i.optimole.com\/w:auto\/h:auto\/q:mauto\/ig:avif\/https:\/\/i0.wp.com\/grandmeroceane.fr\/wp-content\/uploads\/2024\/11\/Capture-decran-2024-11-27-a-15.48.01.png?fit=2528%2C1888&#038;ssl=1\" data-elementor-open-lightbox=\"yes\" data-elementor-lightbox-slideshow=\"d362be1\" data-elementor-lightbox-title=\"Capture d\u2019e\u0301cran 2024-11-27 a\u0300 15.48.01\" data-e-action-hash=\"#elementor-action%3Aaction%3Dlightbox%26settings%3DeyJpZCI6NjQ4LCJ1cmwiOiJodHRwczpcL1wvZ3JhbmRtZXJvY2VhbmUuZnJcL3dwLWNvbnRlbnRcL3VwbG9hZHNcLzIwMjRcLzExXC9DYXB0dXJlLWRlY3Jhbi0yMDI0LTExLTI3LWEtMTUuNDguMDEucG5nIiwic2xpZGVzaG93IjoiZDM2MmJlMSJ9\">\n\t\t\t\t\t<div class=\"e-gallery-image elementor-gallery-item__image\" data-thumbnail=\"https:\/\/mlrjxges5s1p.i.optimole.com\/w:auto\/h:auto\/q:mauto\/ig:avif\/https:\/\/i0.wp.com\/grandmeroceane.fr\/wp-content\/uploads\/2024\/11\/Capture-decran-2024-11-27-a-15.48.01.png?fit=750%2C560&amp;ssl=1\" data-width=\"750\" data-height=\"560\" aria-label=\"\" role=\"img\" ><\/div>\n\t\t\t\t\t\t\t\t\t\t\t<div class=\"elementor-gallery-item__overlay\"><\/div>\n\t\t\t\t\t\t\t\t\t\t\t\t\t\t<\/a>\n\t\t\t\t\t\t\t<a class=\"e-gallery-item elementor-gallery-item elementor-animated-content\" href=\"https:\/\/mlrjxges5s1p.i.optimole.com\/w:auto\/h:auto\/q:mauto\/ig:avif\/https:\/\/i0.wp.com\/grandmeroceane.fr\/wp-content\/uploads\/2024\/08\/6X1A1684.jpg?fit=2112%2C1600&#038;ssl=1\" data-elementor-open-lightbox=\"yes\" data-elementor-lightbox-slideshow=\"d362be1\" data-elementor-lightbox-title=\"Sylvain Fabre et Alban Tixier - Enregistrement de Grand Mer Oc\u00e9ane\" data-e-action-hash=\"#elementor-action%3Aaction%3Dlightbox%26settings%3DeyJpZCI6MjcwLCJ1cmwiOiJodHRwczpcL1wvZ3JhbmRtZXJvY2VhbmUuZnJcL3dwLWNvbnRlbnRcL3VwbG9hZHNcLzIwMjRcLzA4XC82WDFBMTY4NC5qcGciLCJzbGlkZXNob3ciOiJkMzYyYmUxIn0%3D\">\n\t\t\t\t\t<div class=\"e-gallery-image elementor-gallery-item__image\" data-thumbnail=\"https:\/\/mlrjxges5s1p.i.optimole.com\/w:auto\/h:auto\/q:mauto\/ig:avif\/https:\/\/i0.wp.com\/grandmeroceane.fr\/wp-content\/uploads\/2024\/08\/6X1A1684.jpg?fit=750%2C568&amp;ssl=1\" data-width=\"750\" data-height=\"568\" aria-label=\"\" role=\"img\" ><\/div>\n\t\t\t\t\t\t\t\t\t\t\t<div class=\"elementor-gallery-item__overlay\"><\/div>\n\t\t\t\t\t\t\t\t\t\t\t\t\t\t<\/a>\n\t\t\t\t\t\t\t<a class=\"e-gallery-item elementor-gallery-item elementor-animated-content\" href=\"https:\/\/mlrjxges5s1p.i.optimole.com\/w:auto\/h:auto\/q:mauto\/ig:avif\/https:\/\/i0.wp.com\/grandmeroceane.fr\/wp-content\/uploads\/2024\/08\/6X1A1687-rotated.jpg?fit=1600%2C2112&#038;ssl=1\" data-elementor-open-lightbox=\"yes\" data-elementor-lightbox-slideshow=\"d362be1\" data-elementor-lightbox-title=\"Sylvain Fabre et Alban Tixier - Enregistrement de Grand Mer Oc\u00e9ane\" data-e-action-hash=\"#elementor-action%3Aaction%3Dlightbox%26settings%3DeyJpZCI6MjcyLCJ1cmwiOiJodHRwczpcL1wvZ3JhbmRtZXJvY2VhbmUuZnJcL3dwLWNvbnRlbnRcL3VwbG9hZHNcLzIwMjRcLzA4XC82WDFBMTY4Ny1yb3RhdGVkLmpwZyIsInNsaWRlc2hvdyI6ImQzNjJiZTEifQ%3D%3D\">\n\t\t\t\t\t<div class=\"e-gallery-image elementor-gallery-item__image\" data-thumbnail=\"https:\/\/mlrjxges5s1p.i.optimole.com\/w:auto\/h:auto\/q:mauto\/ig:avif\/https:\/\/i0.wp.com\/grandmeroceane.fr\/wp-content\/uploads\/2024\/08\/6X1A1687-rotated.jpg?fit=750%2C990&amp;ssl=1\" data-width=\"750\" data-height=\"990\" aria-label=\"\" role=\"img\" ><\/div>\n\t\t\t\t\t\t\t\t\t\t\t<div class=\"elementor-gallery-item__overlay\"><\/div>\n\t\t\t\t\t\t\t\t\t\t\t\t\t\t<\/a>\n\t\t\t\t\t<\/div>\n\t\t\t<\/div>\n\t\t\t\t<\/div>\n\t\t\t\t\t<\/div>\n\t\t\t\t<\/div>\n\t\t<div class=\"elementor-element elementor-element-5fcc1c2 e-flex e-con-boxed e-con e-parent\" data-id=\"5fcc1c2\" data-element_type=\"container\">\n\t\t\t\t\t<div class=\"e-con-inner\">\n\t\t\t\t\t<\/div>\n\t\t\t\t<\/div>\n\t\t\t\t<\/div>\n\t\t","protected":false},"excerpt":{"rendered":"<p>Grand Mer Oc\u00e9ane vous embarque avec Garcie Ferrande pour un Vend\u00e9e Globe avant l&rsquo;heure au c\u0153ur du bestiaire fantastique marin du 15\u1d49 si\u00e8cle. Un spectacle qui lie \u00e9motion, immersion et histoire avec une mise en sc\u00e8ne m\u00ealant papier et num\u00e9rique. Le tout au service d&rsquo;une histoire merveilleuse qui nous plonge [&hellip;]<\/p>\n","protected":false},"author":1,"featured_media":145,"parent":0,"menu_order":0,"comment_status":"closed","ping_status":"closed","template":"","meta":{"om_disable_all_campaigns":false,"_monsterinsights_skip_tracking":false,"_monsterinsights_sitenote_active":false,"_monsterinsights_sitenote_note":"","_monsterinsights_sitenote_category":0,"advanced_seo_description":"Grand Mer Oc\u00e9ane vous embarque avec Garcie Ferrande pour un Vend\u00e9e Globe avant l\u2019heure au c\u0153ur du bestiaire fantastique marin du 15\u1d49 si\u00e8cle.\n\nUn spectacle qui lie \u00e9motion, immersion et histoire avec une mise en sc\u00e8ne m\u00ealant papier et num\u00e9rique. Le tout au service d\u2019une histoire merveilleuse qui nous plonge au c\u0153ur des oc\u00e9ans pendant le Moyen \u00c2ge.","jetpack_seo_html_title":"GALERIE","jetpack_seo_noindex":false,"footnotes":""},"class_list":["post-106","page","type-page","status-publish","has-post-thumbnail","hentry"],"jetpack_sharing_enabled":true,"_links":{"self":[{"href":"https:\/\/grandmeroceane.fr\/index.php?rest_route=\/wp\/v2\/pages\/106","targetHints":{"allow":["GET"]}}],"collection":[{"href":"https:\/\/grandmeroceane.fr\/index.php?rest_route=\/wp\/v2\/pages"}],"about":[{"href":"https:\/\/grandmeroceane.fr\/index.php?rest_route=\/wp\/v2\/types\/page"}],"author":[{"embeddable":true,"href":"https:\/\/grandmeroceane.fr\/index.php?rest_route=\/wp\/v2\/users\/1"}],"replies":[{"embeddable":true,"href":"https:\/\/grandmeroceane.fr\/index.php?rest_route=%2Fwp%2Fv2%2Fcomments&post=106"}],"version-history":[{"count":46,"href":"https:\/\/grandmeroceane.fr\/index.php?rest_route=\/wp\/v2\/pages\/106\/revisions"}],"predecessor-version":[{"id":678,"href":"https:\/\/grandmeroceane.fr\/index.php?rest_route=\/wp\/v2\/pages\/106\/revisions\/678"}],"wp:featuredmedia":[{"embeddable":true,"href":"https:\/\/grandmeroceane.fr\/index.php?rest_route=\/wp\/v2\/media\/145"}],"wp:attachment":[{"href":"https:\/\/grandmeroceane.fr\/index.php?rest_route=%2Fwp%2Fv2%2Fmedia&parent=106"}],"curies":[{"name":"wp","href":"https:\/\/api.w.org\/{rel}","templated":true}]}}